{"id":30,"date":"2021-03-06T07:38:05","date_gmt":"2021-03-06T06:38:05","guid":{"rendered":"http:\/\/espritcadeau.fr\/?page_id=30"},"modified":"2021-03-26T20:29:07","modified_gmt":"2021-03-26T19:29:07","slug":"accueil","status":"publish","type":"page","link":"https:\/\/espritcadeau.fr\/","title":{"rendered":"Accueil"},"content":{"rendered":"\t\t<div data-elementor-type=\"wp-page\" data-elementor-id=\"30\" class=\"elementor elementor-30\">\n\t\t\t\t\t\t<section class=\"elementor-section elementor-top-section elementor-element elementor-element-702de14c elementor-section-content-middle elementor-section-full_width elementor-section-stretched elementor-section-height-default elementor-section-height-default\" data-id=\"702de14c\" data-element_type=\"section\" data-e-type=\"section\" data-settings=\"{&quot;background_background&quot;:&quot;classic&quot;,&quot;stretch_section&quot;:&quot;section-stretched&quot;}\">\n\t\t\t\t\t\t\t<div class=\"elementor-background-overlay\"><\/div>\n\t\t\t\t\t\t\t<div class=\"elementor-container elementor-column-gap-default\">\n\t\t\t\t\t<div class=\"elementor-column elementor-col-100 elementor-top-column elementor-element elementor-element-6630e683\" data-id=\"6630e683\" data-element_type=\"column\" data-e-type=\"column\">\n\t\t\t<div class=\"elementor-widget-wrap elementor-element-populated\">\n\t\t\t\t\t\t<div class=\"elementor-element elementor-element-7ad0120 elementor-widget elementor-widget-heading\" data-id=\"7ad0120\" data-element_type=\"widget\" data-e-type=\"widget\" data-widget_type=\"heading.default\">\n\t\t\t\t<div class=\"elementor-widget-container\">\n\t\t\t\t\t<h2 class=\"elementor-heading-title elementor-size-default\">Bienvenue sur le site Esprit Cadeau<\/h2>\t\t\t\t<\/div>\n\t\t\t\t<\/div>\n\t\t\t\t<div class=\"elementor-element elementor-element-4cb71fd elementor-align-center elementor-widget elementor-widget-button\" data-id=\"4cb71fd\" data-element_type=\"widget\" data-e-type=\"widget\" data-widget_type=\"button.default\">\n\t\t\t\t<div class=\"elementor-widget-container\">\n\t\t\t\t\t\t\t\t\t<div class=\"elementor-button-wrapper\">\n\t\t\t\t\t<a class=\"elementor-button elementor-button-link elementor-size-md\" href=\"http:\/\/espritcadeau.fr\/index.php\/boutique\/\">\n\t\t\t\t\t\t<span class=\"elementor-button-content-wrapper\">\n\t\t\t\t\t\t\t\t\t<span class=\"elementor-button-text\">Boutique<\/span>\n\t\t\t\t\t<\/span>\n\t\t\t\t\t<\/a>\n\t\t\t\t<\/div>\n\t\t\t\t\t\t\t\t<\/div>\n\t\t\t\t<\/div>\n\t\t\t\t\t<\/div>\n\t\t<\/div>\n\t\t\t\t\t<\/div>\n\t\t<\/section>\n\t\t\t\t<section class=\"elementor-section elementor-top-section elementor-element elementor-element-2e861cac elementor-section-stretched elementor-section-boxed elementor-section-height-default elementor-section-height-default\" data-id=\"2e861cac\" data-element_type=\"section\" data-e-type=\"section\" data-settings=\"{&quot;stretch_section&quot;:&quot;section-stretched&quot;}\">\n\t\t\t\t\t\t<div class=\"elementor-container elementor-column-gap-default\">\n\t\t\t\t\t<div class=\"elementor-column elementor-col-50 elementor-top-column elementor-element elementor-element-7a4f9b12\" data-id=\"7a4f9b12\" data-element_type=\"column\" data-e-type=\"column\">\n\t\t\t<div class=\"elementor-widget-wrap elementor-element-populated\">\n\t\t\t\t\t\t<div class=\"elementor-element elementor-element-5686e40 elementor-widget elementor-widget-heading\" data-id=\"5686e40\" data-element_type=\"widget\" data-e-type=\"widget\" data-widget_type=\"heading.default\">\n\t\t\t\t<div class=\"elementor-widget-container\">\n\t\t\t\t\t<h2 class=\"elementor-heading-title elementor-size-large\">Mes Cr\u00e9ations<\/h2>\t\t\t\t<\/div>\n\t\t\t\t<\/div>\n\t\t\t\t<div class=\"elementor-element elementor-element-762ad2c6 elementor-widget-divider--view-line elementor-widget elementor-widget-divider\" data-id=\"762ad2c6\" data-element_type=\"widget\" data-e-type=\"widget\" data-widget_type=\"divider.default\">\n\t\t\t\t<div class=\"elementor-widget-container\">\n\t\t\t\t\t\t\t<div class=\"elementor-divider\">\n\t\t\t<span class=\"elementor-divider-separator\">\n\t\t\t\t\t\t<\/span>\n\t\t<\/div>\n\t\t\t\t\t\t<\/div>\n\t\t\t\t<\/div>\n\t\t\t\t<div class=\"elementor-element elementor-element-6a1b995a elementor-widget elementor-widget-text-editor\" data-id=\"6a1b995a\" data-element_type=\"widget\" data-e-type=\"widget\" data-widget_type=\"text-editor.default\">\n\t\t\t\t<div class=\"elementor-widget-container\">\n\t\t\t\t\t\t\t\t\t<p><strong>Une fa\u00e7on originale d&rsquo;offrir des serviettes.<\/strong><\/p><p><strong>\u00a0Animaux et personnages cr\u00e9\u00e9s avec des serviettes et des gants de toilette.<\/strong><\/p><p><strong>En enlevant \u00e9pingles et ruban on peut utiliser les serviettes.\u00a0<\/strong><\/p>\t\t\t\t\t\t\t\t<\/div>\n\t\t\t\t<\/div>\n\t\t\t\t\t<\/div>\n\t\t<\/div>\n\t\t\t\t<div class=\"elementor-column elementor-col-50 elementor-top-column elementor-element elementor-element-58e3047b elementor-sm-100\" data-id=\"58e3047b\" data-element_type=\"column\" data-e-type=\"column\">\n\t\t\t<div class=\"elementor-widget-wrap elementor-element-populated\">\n\t\t\t\t\t\t<div class=\"elementor-element elementor-element-109d1ec gallery-spacing-custom elementor-widget elementor-widget-image-gallery\" data-id=\"109d1ec\" data-element_type=\"widget\" data-e-type=\"widget\" data-widget_type=\"image-gallery.default\">\n\t\t\t\t<div class=\"elementor-widget-container\">\n\t\t\t\t\t\t\t<div class=\"elementor-image-gallery\">\n\t\t\t<div id='gallery-1' class='gallery galleryid-30 gallery-columns-3 gallery-size-thumbnail'><figure class='gallery-item'>\n\t\t\t<div class='gallery-icon landscape'>\n\t\t\t\t<a data-elementor-open-lightbox=\"yes\" data-elementor-lightbox-slideshow=\"109d1ec\" data-e-action-hash=\"#elementor-action%3Aaction%3Dlightbox%26settings%3DeyJpZCI6MzQ3LCJ1cmwiOiJodHRwczpcL1wvZXNwcml0Y2FkZWF1LmZyXC93cC1jb250ZW50XC91cGxvYWRzXC8yMDIxXC8wM1wvMjAyMTAzMTdfMTMyMDE0X2NvbXByZXNzNjEtcm90YXRlZC5qcGciLCJzbGlkZXNob3ciOiIxMDlkMWVjIn0%3D\" href='https:\/\/espritcadeau.fr\/wp-content\/uploads\/2021\/03\/20210317_132014_compress61-rotated.jpg'><img decoding=\"async\" width=\"150\" height=\"150\" src=\"https:\/\/espritcadeau.fr\/wp-content\/uploads\/2021\/03\/20210317_132014_compress61-150x150.jpg\" class=\"attachment-thumbnail size-thumbnail\" alt=\"\" aria-describedby=\"gallery-1-347\" srcset=\"https:\/\/espritcadeau.fr\/wp-content\/uploads\/2021\/03\/20210317_132014_compress61-150x150.jpg 150w, https:\/\/espritcadeau.fr\/wp-content\/uploads\/2021\/03\/20210317_132014_compress61-300x300.jpg 300w, https:\/\/espritcadeau.fr\/wp-content\/uploads\/2021\/03\/20210317_132014_compress61-1024x1024.jpg 1024w, https:\/\/espritcadeau.fr\/wp-content\/uploads\/2021\/03\/20210317_132014_compress61-768x768.jpg 768w, https:\/\/espritcadeau.fr\/wp-content\/uploads\/2021\/03\/20210317_132014_compress61-600x600.jpg 600w, https:\/\/espritcadeau.fr\/wp-content\/uploads\/2021\/03\/20210317_132014_compress61-100x100.jpg 100w, https:\/\/espritcadeau.fr\/wp-content\/uploads\/2021\/03\/20210317_132014_compress61-rotated.jpg 1080w\" sizes=\"(max-width: 150px) 100vw, 150px\" \/><\/a>\n\t\t\t<\/div>\n\t\t\t\t<figcaption class='wp-caption-text gallery-caption' id='gallery-1-347'>\n\t\t\t\tCoccinelle\n\t\t\t\t<\/figcaption><\/figure><figure class='gallery-item'>\n\t\t\t<div class='gallery-icon landscape'>\n\t\t\t\t<a data-elementor-open-lightbox=\"yes\" data-elementor-lightbox-slideshow=\"109d1ec\" data-e-action-hash=\"#elementor-action%3Aaction%3Dlightbox%26settings%3DeyJpZCI6MzgwLCJ1cmwiOiJodHRwczpcL1wvZXNwcml0Y2FkZWF1LmZyXC93cC1jb250ZW50XC91cGxvYWRzXC8yMDIxXC8wM1wvMjAyMTAzMThfMTYyMzE5MS1yb3RhdGVkLmpwZyIsInNsaWRlc2hvdyI6IjEwOWQxZWMifQ%3D%3D\" href='https:\/\/espritcadeau.fr\/wp-content\/uploads\/2021\/03\/20210318_1623191-rotated.jpg'><img decoding=\"async\" width=\"150\" height=\"150\" src=\"https:\/\/espritcadeau.fr\/wp-content\/uploads\/2021\/03\/20210318_1623191-150x150.jpg\" class=\"attachment-thumbnail size-thumbnail\" alt=\"\" aria-describedby=\"gallery-1-380\" srcset=\"https:\/\/espritcadeau.fr\/wp-content\/uploads\/2021\/03\/20210318_1623191-150x150.jpg 150w, https:\/\/espritcadeau.fr\/wp-content\/uploads\/2021\/03\/20210318_1623191-300x300.jpg 300w, https:\/\/espritcadeau.fr\/wp-content\/uploads\/2021\/03\/20210318_1623191-1024x1024.jpg 1024w, https:\/\/espritcadeau.fr\/wp-content\/uploads\/2021\/03\/20210318_1623191-768x768.jpg 768w, https:\/\/espritcadeau.fr\/wp-content\/uploads\/2021\/03\/20210318_1623191-1536x1536.jpg 1536w, https:\/\/espritcadeau.fr\/wp-content\/uploads\/2021\/03\/20210318_1623191-2048x2048.jpg 2048w, https:\/\/espritcadeau.fr\/wp-content\/uploads\/2021\/03\/20210318_1623191-600x600.jpg 600w, https:\/\/espritcadeau.fr\/wp-content\/uploads\/2021\/03\/20210318_1623191-100x100.jpg 100w\" sizes=\"(max-width: 150px) 100vw, 150px\" \/><\/a>\n\t\t\t<\/div>\n\t\t\t\t<figcaption class='wp-caption-text gallery-caption' id='gallery-1-380'>\n\t\t\t\tCuisinier\n\t\t\t\t<\/figcaption><\/figure><figure class='gallery-item'>\n\t\t\t<div class='gallery-icon landscape'>\n\t\t\t\t<a data-elementor-open-lightbox=\"yes\" data-elementor-lightbox-slideshow=\"109d1ec\" data-e-action-hash=\"#elementor-action%3Aaction%3Dlightbox%26settings%3DeyJpZCI6MzYzLCJ1cmwiOiJodHRwczpcL1wvZXNwcml0Y2FkZWF1LmZyXC93cC1jb250ZW50XC91cGxvYWRzXC8yMDIxXC8wM1wvMjAyMTAzMTdfMTM1OTA4X2NvbXByZXNzMTEtcm90YXRlZC5qcGciLCJzbGlkZXNob3ciOiIxMDlkMWVjIn0%3D\" href='https:\/\/espritcadeau.fr\/wp-content\/uploads\/2021\/03\/20210317_135908_compress11-rotated.jpg'><img decoding=\"async\" width=\"150\" height=\"150\" src=\"https:\/\/espritcadeau.fr\/wp-content\/uploads\/2021\/03\/20210317_135908_compress11-150x150.jpg\" class=\"attachment-thumbnail size-thumbnail\" alt=\"\" aria-describedby=\"gallery-1-363\" srcset=\"https:\/\/espritcadeau.fr\/wp-content\/uploads\/2021\/03\/20210317_135908_compress11-150x150.jpg 150w, https:\/\/espritcadeau.fr\/wp-content\/uploads\/2021\/03\/20210317_135908_compress11-300x300.jpg 300w, https:\/\/espritcadeau.fr\/wp-content\/uploads\/2021\/03\/20210317_135908_compress11-1024x1024.jpg 1024w, https:\/\/espritcadeau.fr\/wp-content\/uploads\/2021\/03\/20210317_135908_compress11-768x768.jpg 768w, https:\/\/espritcadeau.fr\/wp-content\/uploads\/2021\/03\/20210317_135908_compress11-1536x1536.jpg 1536w, https:\/\/espritcadeau.fr\/wp-content\/uploads\/2021\/03\/20210317_135908_compress11-2048x2048.jpg 2048w, https:\/\/espritcadeau.fr\/wp-content\/uploads\/2021\/03\/20210317_135908_compress11-600x600.jpg 600w, https:\/\/espritcadeau.fr\/wp-content\/uploads\/2021\/03\/20210317_135908_compress11-100x100.jpg 100w\" sizes=\"(max-width: 150px) 100vw, 150px\" \/><\/a>\n\t\t\t<\/div>\n\t\t\t\t<figcaption class='wp-caption-text gallery-caption' id='gallery-1-363'>\n\t\t\t\thibou\n\t\t\t\t<\/figcaption><\/figure><figure class='gallery-item'>\n\t\t\t<div class='gallery-icon landscape'>\n\t\t\t\t<a data-elementor-open-lightbox=\"yes\" data-elementor-lightbox-slideshow=\"109d1ec\" data-e-action-hash=\"#elementor-action%3Aaction%3Dlightbox%26settings%3DeyJpZCI6Mzc5LCJ1cmwiOiJodHRwczpcL1wvZXNwcml0Y2FkZWF1LmZyXC93cC1jb250ZW50XC91cGxvYWRzXC8yMDIxXC8wM1wvMjAyMTAzMThfMTYyNDQwMS1yb3RhdGVkLmpwZyIsInNsaWRlc2hvdyI6IjEwOWQxZWMifQ%3D%3D\" href='https:\/\/espritcadeau.fr\/wp-content\/uploads\/2021\/03\/20210318_1624401-rotated.jpg'><img loading=\"lazy\" decoding=\"async\" width=\"150\" height=\"150\" src=\"https:\/\/espritcadeau.fr\/wp-content\/uploads\/2021\/03\/20210318_1624401-150x150.jpg\" class=\"attachment-thumbnail size-thumbnail\" alt=\"\" aria-describedby=\"gallery-1-379\" srcset=\"https:\/\/espritcadeau.fr\/wp-content\/uploads\/2021\/03\/20210318_1624401-150x150.jpg 150w, https:\/\/espritcadeau.fr\/wp-content\/uploads\/2021\/03\/20210318_1624401-300x300.jpg 300w, https:\/\/espritcadeau.fr\/wp-content\/uploads\/2021\/03\/20210318_1624401-1024x1024.jpg 1024w, https:\/\/espritcadeau.fr\/wp-content\/uploads\/2021\/03\/20210318_1624401-768x768.jpg 768w, https:\/\/espritcadeau.fr\/wp-content\/uploads\/2021\/03\/20210318_1624401-1536x1536.jpg 1536w, https:\/\/espritcadeau.fr\/wp-content\/uploads\/2021\/03\/20210318_1624401-2048x2048.jpg 2048w, https:\/\/espritcadeau.fr\/wp-content\/uploads\/2021\/03\/20210318_1624401-600x600.jpg 600w, https:\/\/espritcadeau.fr\/wp-content\/uploads\/2021\/03\/20210318_1624401-100x100.jpg 100w\" sizes=\"(max-width: 150px) 100vw, 150px\" \/><\/a>\n\t\t\t<\/div>\n\t\t\t\t<figcaption class='wp-caption-text gallery-caption' id='gallery-1-379'>\n\t\t\t\tsouris\n\t\t\t\t<\/figcaption><\/figure><figure class='gallery-item'>\n\t\t\t<div class='gallery-icon landscape'>\n\t\t\t\t<a data-elementor-open-lightbox=\"yes\" data-elementor-lightbox-slideshow=\"109d1ec\" data-e-action-hash=\"#elementor-action%3Aaction%3Dlightbox%26settings%3DeyJpZCI6MzQwLCJ1cmwiOiJodHRwczpcL1wvZXNwcml0Y2FkZWF1LmZyXC93cC1jb250ZW50XC91cGxvYWRzXC8yMDIxXC8wM1wvMjAyMTAzMTdfMTMzNTU3X2NvbXByZXNzMjIxLXJvdGF0ZWQuanBnIiwic2xpZGVzaG93IjoiMTA5ZDFlYyJ9\" href='https:\/\/espritcadeau.fr\/wp-content\/uploads\/2021\/03\/20210317_133557_compress221-rotated.jpg'><img loading=\"lazy\" decoding=\"async\" width=\"150\" height=\"150\" src=\"https:\/\/espritcadeau.fr\/wp-content\/uploads\/2021\/03\/20210317_133557_compress221-150x150.jpg\" class=\"attachment-thumbnail size-thumbnail\" alt=\"\" aria-describedby=\"gallery-1-340\" srcset=\"https:\/\/espritcadeau.fr\/wp-content\/uploads\/2021\/03\/20210317_133557_compress221-150x150.jpg 150w, https:\/\/espritcadeau.fr\/wp-content\/uploads\/2021\/03\/20210317_133557_compress221-300x300.jpg 300w, https:\/\/espritcadeau.fr\/wp-content\/uploads\/2021\/03\/20210317_133557_compress221-1024x1024.jpg 1024w, https:\/\/espritcadeau.fr\/wp-content\/uploads\/2021\/03\/20210317_133557_compress221-768x768.jpg 768w, https:\/\/espritcadeau.fr\/wp-content\/uploads\/2021\/03\/20210317_133557_compress221-600x600.jpg 600w, https:\/\/espritcadeau.fr\/wp-content\/uploads\/2021\/03\/20210317_133557_compress221-100x100.jpg 100w, https:\/\/espritcadeau.fr\/wp-content\/uploads\/2021\/03\/20210317_133557_compress221-rotated.jpg 1080w\" sizes=\"(max-width: 150px) 100vw, 150px\" \/><\/a>\n\t\t\t<\/div>\n\t\t\t\t<figcaption class='wp-caption-text gallery-caption' id='gallery-1-340'>\n\t\t\t\tOurs\n\t\t\t\t<\/figcaption><\/figure><figure class='gallery-item'>\n\t\t\t<div class='gallery-icon landscape'>\n\t\t\t\t<a data-elementor-open-lightbox=\"yes\" data-elementor-lightbox-slideshow=\"109d1ec\" data-e-action-hash=\"#elementor-action%3Aaction%3Dlightbox%26settings%3DeyJpZCI6NTc3LCJ1cmwiOiJodHRwczpcL1wvZXNwcml0Y2FkZWF1LmZyXC93cC1jb250ZW50XC91cGxvYWRzXC8yMDIxXC8wM1wvMjAyMTAzMjNfMTQ1NTQ5X2NvbXByZXNzNDYtcm90YXRlZC5qcGciLCJzbGlkZXNob3ciOiIxMDlkMWVjIn0%3D\" data-elementor-lightbox-title=\"Poule\" href='https:\/\/espritcadeau.fr\/wp-content\/uploads\/2021\/03\/20210323_145549_compress46-rotated.jpg'><img loading=\"lazy\" decoding=\"async\" width=\"150\" height=\"150\" src=\"https:\/\/espritcadeau.fr\/wp-content\/uploads\/2021\/03\/20210323_145549_compress46-150x150.jpg\" class=\"attachment-thumbnail size-thumbnail\" alt=\"\" aria-describedby=\"gallery-1-577\" srcset=\"https:\/\/espritcadeau.fr\/wp-content\/uploads\/2021\/03\/20210323_145549_compress46-150x150.jpg 150w, https:\/\/espritcadeau.fr\/wp-content\/uploads\/2021\/03\/20210323_145549_compress46-300x300.jpg 300w, https:\/\/espritcadeau.fr\/wp-content\/uploads\/2021\/03\/20210323_145549_compress46-1024x1024.jpg 1024w, https:\/\/espritcadeau.fr\/wp-content\/uploads\/2021\/03\/20210323_145549_compress46-768x768.jpg 768w, https:\/\/espritcadeau.fr\/wp-content\/uploads\/2021\/03\/20210323_145549_compress46-600x600.jpg 600w, https:\/\/espritcadeau.fr\/wp-content\/uploads\/2021\/03\/20210323_145549_compress46-100x100.jpg 100w, https:\/\/espritcadeau.fr\/wp-content\/uploads\/2021\/03\/20210323_145549_compress46-rotated.jpg 1080w\" sizes=\"(max-width: 150px) 100vw, 150px\" \/><\/a>\n\t\t\t<\/div>\n\t\t\t\t<figcaption class='wp-caption-text gallery-caption' id='gallery-1-577'>\n\t\t\t\tPoule\n\t\t\t\t<\/figcaption><\/figure>\n\t\t<\/div>\n\t\t<\/div>\n\t\t\t\t\t\t<\/div>\n\t\t\t\t<\/div>\n\t\t\t\t\t<\/div>\n\t\t<\/div>\n\t\t\t\t\t<\/div>\n\t\t<\/section>\n\t\t\t\t<section class=\"elementor-section elementor-top-section elementor-element elementor-element-37e3d7f elementor-section-full_width elementor-section-stretched elementor-section-height-default elementor-section-height-default\" data-id=\"37e3d7f\" data-element_type=\"section\" data-e-type=\"section\" data-settings=\"{&quot;stretch_section&quot;:&quot;section-stretched&quot;}\">\n\t\t\t\t\t\t<div class=\"elementor-container elementor-column-gap-default\">\n\t\t\t\t\t<div class=\"elementor-column elementor-col-50 elementor-top-column elementor-element elementor-element-980821d\" data-id=\"980821d\" data-element_type=\"column\" data-e-type=\"column\">\n\t\t\t<div class=\"elementor-widget-wrap elementor-element-populated\">\n\t\t\t\t\t\t<div class=\"elementor-element elementor-element-84caca7 elementor-widget elementor-widget-heading\" data-id=\"84caca7\" data-element_type=\"widget\" data-e-type=\"widget\" data-widget_type=\"heading.default\">\n\t\t\t\t<div class=\"elementor-widget-container\">\n\t\t\t\t\t<h2 class=\"elementor-heading-title elementor-size-xxl\">Id\u00e9e cadeau<\/h2>\t\t\t\t<\/div>\n\t\t\t\t<\/div>\n\t\t\t\t<div class=\"elementor-element elementor-element-f1094e5 elementor-widget elementor-widget-text-editor\" data-id=\"f1094e5\" data-element_type=\"widget\" data-e-type=\"widget\" data-widget_type=\"text-editor.default\">\n\t\t\t\t<div class=\"elementor-widget-container\">\n\t\t\t\t\t\t\t\t\t<p><strong>Pour anniversaire, mariage, naissance ou tout simplement le cadeau \u00e0 emmener suite \u00e0 une invitation ou pour visite , personne en maison de retraite ou h\u00f4pital.<\/strong><\/p><p><strong>A tout \u00e2ge on peut avoir besoin de serviettes. Pour les enfants ce n&rsquo;est pas un doudou ou une peluche il y a des \u00e9pingles.<\/strong><\/p><p><strong>pour toute question vous pouvez me contacter par\u00a0 E-mail.<\/strong><\/p>\t\t\t\t\t\t\t\t<\/div>\n\t\t\t\t<\/div>\n\t\t\t\t\t<\/div>\n\t\t<\/div>\n\t\t\t\t<div class=\"elementor-column elementor-col-50 elementor-top-column elementor-element elementor-element-2e053b0\" data-id=\"2e053b0\" data-element_type=\"column\" data-e-type=\"column\">\n\t\t\t<div class=\"elementor-widget-wrap elementor-element-populated\">\n\t\t\t\t\t\t<div class=\"elementor-element elementor-element-a726a02 elementor-widget elementor-widget-image\" data-id=\"a726a02\" data-element_type=\"widget\" data-e-type=\"widget\" data-widget_type=\"image.default\">\n\t\t\t\t<div class=\"elementor-widget-container\">\n\t\t\t\t\t\t\t\t\t\t\t\t\t\t\t<img decoding=\"async\" src=\"https:\/\/espritcadeau.fr\/wp-content\/uploads\/2021\/03\/20210318_155148_compress111-300x300.jpg\" title=\"\" alt=\"\" loading=\"lazy\" \/>\t\t\t\t\t\t\t\t\t\t\t\t\t\t\t<\/div>\n\t\t\t\t<\/div>\n\t\t\t\t\t<\/div>\n\t\t<\/div>\n\t\t\t\t\t<\/div>\n\t\t<\/section>\n\t\t\t\t<section class=\"elementor-section elementor-top-section elementor-element elementor-element-bccf001 elementor-section-boxed elementor-section-height-default elementor-section-height-default\" data-id=\"bccf001\" data-element_type=\"section\" data-e-type=\"section\">\n\t\t\t\t\t\t<div class=\"elementor-container elementor-column-gap-default\">\n\t\t\t\t\t<div class=\"elementor-column elementor-col-100 elementor-top-column elementor-element elementor-element-a9c4de7\" data-id=\"a9c4de7\" data-element_type=\"column\" data-e-type=\"column\">\n\t\t\t<div class=\"elementor-widget-wrap elementor-element-populated\">\n\t\t\t\t\t\t<div class=\"elementor-element elementor-element-0ec9f90 elementor-align-center elementor-widget elementor-widget-button\" data-id=\"0ec9f90\" data-element_type=\"widget\" data-e-type=\"widget\" data-widget_type=\"button.default\">\n\t\t\t\t<div class=\"elementor-widget-container\">\n\t\t\t\t\t\t\t\t\t<div class=\"elementor-button-wrapper\">\n\t\t\t\t\t<a class=\"elementor-button elementor-button-link elementor-size-xs\" href=\"https:\/\/espritcadeau.fr\/index.php\/contact\/\">\n\t\t\t\t\t\t<span class=\"elementor-button-content-wrapper\">\n\t\t\t\t\t\t\t\t\t<span class=\"elementor-button-text\">Lien e-mail<\/span>\n\t\t\t\t\t<\/span>\n\t\t\t\t\t<\/a>\n\t\t\t\t<\/div>\n\t\t\t\t\t\t\t\t<\/div>\n\t\t\t\t<\/div>\n\t\t\t\t\t<\/div>\n\t\t<\/div>\n\t\t\t\t\t<\/div>\n\t\t<\/section>\n\t\t\t\t<\/div>\n\t\t","protected":false},"excerpt":{"rendered":"<p>Bienvenue sur le site Esprit Cadeau Boutique Mes Cr\u00e9ations Une fa\u00e7on originale d&rsquo;offrir des serviettes. \u00a0Animaux et personnages cr\u00e9\u00e9s avec des serviettes et des gants de toilette. En enlevant \u00e9pingles et ruban on peut utiliser les serviettes.\u00a0 Coccinelle Cuisinier hibou souris Ours Poule Id\u00e9e cadeau Pour anniversaire, mariage, naissance ou tout simplement le cadeau \u00e0 [&hellip;]<\/p>\n","protected":false},"author":1,"featured_media":0,"parent":0,"menu_order":0,"comment_status":"closed","ping_status":"closed","template":"","meta":{"ocean_post_layout":"","ocean_both_sidebars_style":"","ocean_both_sidebars_content_width":0,"ocean_both_sidebars_sidebars_width":0,"ocean_sidebar":"0","ocean_second_sidebar":"0","ocean_disable_margins":"enable","ocean_add_body_class":"","ocean_shortcode_before_top_bar":"","ocean_shortcode_after_top_bar":"","ocean_shortcode_before_header":"","ocean_shortcode_after_header":"","ocean_has_shortcode":"","ocean_shortcode_after_title":"","ocean_shortcode_before_footer_widgets":"","ocean_shortcode_after_footer_widgets":"","ocean_shortcode_before_footer_bottom":"","ocean_shortcode_after_footer_bottom":"","ocean_display_top_bar":"default","ocean_display_header":"default","ocean_header_style":"","ocean_center_header_left_menu":"0","ocean_custom_header_template":"0","ocean_custom_logo":0,"ocean_custom_retina_logo":0,"ocean_custom_logo_max_width":0,"ocean_custom_logo_tablet_max_width":0,"ocean_custom_logo_mobile_max_width":0,"ocean_custom_logo_max_height":0,"ocean_custom_logo_tablet_max_height":0,"ocean_custom_logo_mobile_max_height":0,"ocean_header_custom_menu":"0","ocean_menu_typo_font_family":"0","ocean_menu_typo_font_subset":"","ocean_menu_typo_font_size":0,"ocean_menu_typo_font_size_tablet":0,"ocean_menu_typo_font_size_mobile":0,"ocean_menu_typo_font_size_unit":"px","ocean_menu_typo_font_weight":"","ocean_menu_typo_font_weight_tablet":"","ocean_menu_typo_font_weight_mobile":"","ocean_menu_typo_transform":"","ocean_menu_typo_transform_tablet":"","ocean_menu_typo_transform_mobile":"","ocean_menu_typo_line_height":0,"ocean_menu_typo_line_height_tablet":0,"ocean_menu_typo_line_height_mobile":0,"ocean_menu_typo_line_height_unit":"","ocean_menu_typo_spacing":0,"ocean_menu_typo_spacing_tablet":0,"ocean_menu_typo_spacing_mobile":0,"ocean_menu_typo_spacing_unit":"","ocean_menu_link_color":"","ocean_menu_link_color_hover":"","ocean_menu_link_color_active":"","ocean_menu_link_background":"","ocean_menu_link_hover_background":"","ocean_menu_link_active_background":"","ocean_menu_social_links_bg":"","ocean_menu_social_hover_links_bg":"","ocean_menu_social_links_color":"","ocean_menu_social_hover_links_color":"","ocean_disable_title":"default","ocean_disable_heading":"default","ocean_post_title":"","ocean_post_subheading":"","ocean_post_title_style":"","ocean_post_title_background_color":"","ocean_post_title_background":0,"ocean_post_title_bg_image_position":"","ocean_post_title_bg_image_attachment":"","ocean_post_title_bg_image_repeat":"","ocean_post_title_bg_image_size":"","ocean_post_title_height":0,"ocean_post_title_bg_overlay":0.5,"ocean_post_title_bg_overlay_color":"","ocean_disable_breadcrumbs":"default","ocean_breadcrumbs_color":"","ocean_breadcrumbs_separator_color":"","ocean_breadcrumbs_links_color":"","ocean_breadcrumbs_links_hover_color":"","ocean_display_footer_widgets":"default","ocean_display_footer_bottom":"default","ocean_custom_footer_template":"0","footnotes":""},"class_list":["post-30","page","type-page","status-publish","hentry","entry","owp-thumbs-layout-horizontal","owp-btn-normal","owp-tabs-layout-horizontal","has-no-thumbnails","has-product-nav"],"jetpack_sharing_enabled":true,"_links":{"self":[{"href":"https:\/\/espritcadeau.fr\/index.php\/wp-json\/wp\/v2\/pages\/30","targetHints":{"allow":["GET"]}}],"collection":[{"href":"https:\/\/espritcadeau.fr\/index.php\/wp-json\/wp\/v2\/pages"}],"about":[{"href":"https:\/\/espritcadeau.fr\/index.php\/wp-json\/wp\/v2\/types\/page"}],"author":[{"embeddable":true,"href":"https:\/\/espritcadeau.fr\/index.php\/wp-json\/wp\/v2\/users\/1"}],"replies":[{"embeddable":true,"href":"https:\/\/espritcadeau.fr\/index.php\/wp-json\/wp\/v2\/comments?post=30"}],"version-history":[{"count":124,"href":"https:\/\/espritcadeau.fr\/index.php\/wp-json\/wp\/v2\/pages\/30\/revisions"}],"predecessor-version":[{"id":609,"href":"https:\/\/espritcadeau.fr\/index.php\/wp-json\/wp\/v2\/pages\/30\/revisions\/609"}],"wp:attachment":[{"href":"https:\/\/espritcadeau.fr\/index.php\/wp-json\/wp\/v2\/media?parent=30"}],"curies":[{"name":"wp","href":"https:\/\/api.w.org\/{rel}","templated":true}]}}